MONTHLY CLIMATOLOGICAL SUMMARY for APR. 2024
NAME: Elko Nevada Weather CITY: Ryndon STATE: Nevada
ELEV: 5680 LAT: 041:02:22 LONG: 0115:39:06
TEMPERATURE ( °F), RAIN (in.), WIND SPEED (mph)
HEAT COOL AVG
MEAN DEG DEG WIND DOM
DAY TEMP HIGH TIME LOW TIME DAYS DAYS RAIN SPEED HIGH TIME DIR
--------------------------------------------------------------------------------------------------------
01 39.8 051.5 17:31 27.2 07:04 25.1 00.0 00.00 006 024 15:29 WNW
02 46.8 062.2 16:35 33.3 04:34 18.1 00.0 00.00 004 023 14:28 S
03 52.7 069.0 17:12 35.5 06:34 12.2 00.0 00.00 006 026 15:35 SSE
04 51.7 063.8 14:25 33.2 00:00 13.3 00.0 00.00 015 049 17:35 SSE
05 31.7 040.4 15:23 26.0 22:22 33.3 00.0 00.00 010 033 00:40 SW
06 30.7 038.2 15:06 25.2 05:22 34.3 00.0 00.00 010 033 11:46 WSW
07 33.6 045.5 16:24 26.5 05:18 31.3 00.0 00.00 004 023 12:39 E
08 36.7 048.7 15:54 25.3 06:01 28.2 00.0 00.00 006 024 16:06 NNW
09 42.9 058.8 14:40 29.0 06:23 22.0 00.0 00.00 005 028 16:24 WSW
10 50.1 065.0 16:30 34.1 06:24 14.9 00.0 00.00 004 025 16:55 W
11 53.5 072.0 16:48 34.9 06:10 11.4 00.0 00.00 005 023 17:14 SW
12 59.1 075.2 15:20 41.4 06:09 05.8 00.0 00.00 008 035 20:19 SE
13 57.3 072.9 15:12 42.5 06:58 07.6 00.0 00.00 008 029 16:41 ESE
14 48.0 055.8 15:38 37.8 00:00 16.9 00.0 00.00 009 033 07:08 S
15 42.9 054.7 13:34 28.5 06:04 22.1 00.0 00.03 009 033 12:32 WSW
16 48.7 061.5 16:34 34.7 06:46 16.3 00.0 00.00 008 026 17:37 WSW
17 44.2 053.6 15:25 32.4 00:00 20.7 00.0 00.00 010 029 15:38 WNW
18 42.8 061.2 16:37 25.3 06:28 22.2 00.0 00.00 007 021 16:36 N
19 49.5 065.4 16:02 29.7 05:18 15.5 00.0 00.00 006 020 17:16 NNW
20 54.4 070.7 16:05 37.9 05:38 10.5 00.0 00.00 005 023 14:42 W
21 56.6 073.7 15:25 38.7 05:27 08.3 00.0 00.00 009 032 13:21 W
22 55.9 072.7 16:00 38.9 05:01 09.0 00.0 00.00 007 031 16:19 WNW
23 54.4 070.1 15:15 43.3 06:28 10.6 00.0 00.00 007 028 18:05 NNE
24 54.9 070.0 15:18 44.3 06:22 10.0 00.0 00.00 007 038 17:45 WNW
--------------------------------------------------------------------------------------------------------
47.5 (47.5) 75.2 day 12 25.2 day 06 419.6 000.0 00.03 07.2 049 day 04 SW
Min <= 86: 24
Max Rain: 0.03 ON 15-04-24
Days of Rain: 1 (> .008in) 0 (> .08in) 0 (> 0.8in)