MONTHLY CLIMATOLOGICAL SUMMARY for MAY. 2017

NAME: Elko Nevada Weather   CITY: Ryndon/Elko STATE: Nevada
ELEV: 5620 LAT: 041:02:22 LONG: 0115:34:06

                            TEMPERATURE ( F), RAIN (in.), WIND SPEED (mph)

                                               HEAT     COOL           AVG
      MEAN                                     DEG      DEG            WIND                       DOM
DAY   TEMP    HIGH   TIME     LOW    TIME      DAYS     DAYS    RAIN   SPEED    HIGH    TIME      DIR
--------------------------------------------------------------------------------------------------------
01    50.1   060.8   17:13    39.2   05:50     14.9     00.0   00.00   10.2     36.8    12:46      N 
02    53.8   062.9   16:20    44.1   06:10     11.1     00.0   00.00   11.1     35.6    12:33     NNE
03    55.7   068.5   16:24    38.8   05:45     09.2     00.0   00.00   07.4     23.0    15:48      SE
04    62.6   077.0   16:31    46.6   05:54     02.3     00.0   00.00   06.9     19.6    22:59     ESE
05    65.0   078.0   14:38    53.5   06:03     00.0     00.1   00.00   09.0     41.4    17:57      N 
06    59.5   073.6   13:44    47.4   23:46     05.4     00.0   00.00   13.7     44.9    19:47      N 
07    55.2   067.5   13:49    43.9   05:38     09.8     00.0   00.00   14.8     50.6    16:02     ENE
08    53.5   067.0   15:01    39.1   06:04     11.5     00.0   00.00   10.0     26.4    01:15     ESE
09    56.3   069.5   17:11    41.0   04:54     08.6     00.0   00.00   08.1     27.6    15:38     ENE
10    58.8   074.4   17:17    39.5   05:30     06.1     00.0   00.00   06.7     24.1    18:30      N 
--------------------------------------------------------------------------------------------------------
57.1 (56.6)   78.0  day 05     38.8  day 03   078.9    000.1   00.00   09.8     50.6   day 07      NE
Min <=  86: 10
Max Rain: 0.00 ON 0-05-17
Days of Rain: 0 (> .008in) 0 (> .08in) 0 (> 0.8in)