MONTHLY CLIMATOLOGICAL SUMMARY for MAR. 2024
NAME: Elko Nevada Weather CITY: Ryndon STATE: Nevada
ELEV: 5680 LAT: 041:02:22 LONG: 0115:39:06
TEMPERATURE ( °F), RAIN (in.), WIND SPEED (mph)
HEAT COOL AVG
MEAN DEG DEG WIND DOM
DAY TEMP HIGH TIME LOW TIME DAYS DAYS RAIN SPEED HIGH TIME DIR
--------------------------------------------------------------------------------------------------------
01 38.0 048.1 11:48 30.7 23:51 26.9 00.0 00.25 006 023 12:03 SSW
02 26.5 034.2 02:37 18.1 20:03 38.4 00.0 00.11 008 040 08:00 WSW
03 22.2 027.5 13:24 16.0 05:37 42.8 00.0 00.13 009 035 12:06 SW
04 24.2 030.0 13:00 21.0 07:31 40.7 00.0 00.00 007 025 09:58 SW
05 33.7 043.1 15:56 23.2 00:22 31.3 00.0 00.00 007 025 12:55 SSW
06 35.9 040.9 12:37 31.0 05:28 29.1 00.0 00.00 006 020 13:46 SSW
07 31.3 039.1 10:09 21.3 23:24 33.7 00.0 00.00 008 025 18:05 NNW
08 27.6 040.6 15:57 14.7 06:02 37.4 00.0 00.00 003 012 06:08 NE
09 34.6 049.3 15:31 19.8 06:40 30.3 00.0 00.00 003 014 13:48 NE
10 42.2 054.0 14:35 31.4 04:54 22.8 00.0 00.00 007 029 12:29 SE
11 41.0 048.2 17:16 35.0 06:20 23.9 00.0 00.00 006 025 07:36 SSW
12 36.6 043.4 15:55 30.5 21:59 28.4 00.0 00.00 007 036 16:21 SW
13 30.5 034.8 16:22 26.9 22:57 34.4 00.0 00.00 011 037 12:41 NW
14 34.0 044.8 14:20 24.6 06:55 31.0 00.0 00.00 013 031 16:31 N
15 38.7 049.8 14:34 30.0 04:11 26.2 00.0 00.00 014 032 13:54 N
16 43.5 055.4 14:52 30.1 07:32 21.5 00.0 00.00 009 021 23:18 N
17 46.6 057.8 15:07 34.7 05:49 18.3 00.0 00.00 011 026 13:48 N
18 47.9 061.6 16:34 33.7 07:56 17.1 00.0 00.00 006 018 17:05 N
19 47.7 064.1 14:39 31.2 06:43 17.2 00.0 00.00 004 020 17:00 WNW
20 49.1 064.3 14:13 31.5 07:02 15.8 00.0 00.00 005 026 16:27 W
21 48.1 058.5 15:36 39.0 07:16 16.9 00.0 00.00 007 033 14:12 WSW
22 46.6 060.5 16:57 31.7 06:58 18.4 00.0 00.00 004 020 14:55 S
23 41.0 045.8 08:43 30.8 00:00 24.0 00.0 00.00 009 039 12:20 WSW
24 35.1 045.9 14:35 26.4 04:50 29.9 00.0 00.00 007 035 15:31 W
25 35.7 043.7 13:54 29.6 04:03 29.3 00.0 00.00 008 032 11:26 W
26 34.2 044.0 14:54 27.1 06:19 30.7 00.0 00.00 009 043 15:40 W
27 40.2 050.9 14:08 26.8 01:59 24.8 00.0 00.00 007 030 17:31 S
28 40.2 048.8 15:18 31.8 09:24 24.8 00.0 00.09 010 037 05:50 WSW
--------------------------------------------------------------------------------------------------------
37.6 (37.6) 64.3 day 20 14.7 day 08 765.8 000.0 00.58 07.5 043 day 26 W
Max <= 32: 2
Min <= 86: 28
Min <= 23: 6
Max Rain: 0.25 ON 1-03-24
Days of Rain: 4 (> .008in) 4 (> .08in) 0 (> 0.8in)